5. Let g = p + z. Is g composite?
True
Let q(c) = 3*c - 23. Let j be q(10). Suppose j*n = 11*n - 7028. Is n composite?
True
Suppose 2*h = 0, 3*h - 7 = a - h. Let b(j) be the first derivative of 4*j**3/3 + 7*j + 23. Is b(a) a prime number?
False
Suppose 5*l - 27796 = -5*s + 41864, 0 = -2*l + 2. Is s prime?
True
Let i(b) = b + b**2 + 10 + 46*b**3 - 11 - 10*b**3. Is i(1) prime?
True
Is -9 + 15 + 39/(-3) - -95104 a composite number?
True
Suppose 2*w + 20 = -3*w. Let l be (74/w)/((-9)/288). Suppose 3*u - 4*k - 234 - 185 = 0, -l = -4*u - 3*k. Is u prime?
False
Let o(u) = 1144*u - 307. Is o(6) prime?
False
Let r = -10502 - -16120. Let g = 1533 + r. Is g composite?
False
Let x be -25 + -7 + 3/1. Let c = -21 - x. Is (-15)/20 - (-5086)/c prime?
False
Suppose -2*r + 11440 = 2*d, 2*r - d - 14711 + 3262 = 0. Is r a composite number?
True
Suppose -190 = t - y + 4*y, -2*y + 830 = -4*t. Let p = 348 + t. Is p a composite number?
True
Let g(x) = x**2 + 1. Let m(w) = -3*w**2 - 2*w + 1. Let z(d) = 2*g(d) + m(d). Let o be z(-3). Suppose 1348 = 4*c - o*c. Is c prime?
True
Let n = -8 + 2. Let y be ((-22)/n)/((-12)/(-36)). Let c = y + 0. Is c composite?
False
Let t(x) = -x**2 + x + 5. Let f be t(4). Let c(i) = -94*i - 2. Let y be c(f). Suppose -4*o + 3180 = -y. Is o prime?
False
Suppose -3*n = -5*z - 0*n - 1149, -5*z = 5*n + 1165. Suppose -293 = 5*v + 517. Let d = v - z. Is d prime?
False
Suppose 3*v = 3*z - 117762, -18*v + 17*v = 1. Is z prime?
False
Let y = 8840 + -12531. Let a = -1592 - y. Is a a prime number?
True
Suppose -20*i - 6388 = -18*i. Is (-6 + 8)/(-7 - -3)*i a prime number?
True
Suppose -116*n = -115*n - 125. Let r = n + -68. Is r prime?
False
Let x(r) = 73*r**2 + 5*r + 9. Let j = 43 + -47. Is x(j) a prime number?
False
Let g(h) be the third derivative of 101*h**4/12 - h**3/6 - 10*h**2. Is g(6) composite?
True
Let j(h) = 105*h**2 - 17*h + 127. Is j(15) composite?
False
Let l be (-10)/(-35) + 1572/(-14). Let s be -163 + (-3*2)/(-3). Let t = l - s. Is t prime?
False
Let x(i) = -24 + 6*i + 3*i - 2*i**3 + 2*i - i**2 + 3*i**3. Is x(7) composite?
False
Let f(c) = c**2 - 4*c - 7. Let g be f(8). Let y be 9/15 - (-210)/g. Suppose -4*u = -y*u + 785. Is u a prime number?
True
Suppose -p + 160 = u - 333, -2*u + 1976 = 4*p. Suppose -p = 7*d - 2*d. Is (-7*1)/(9/d) prime?
False
Let y be 2*(1 + 12/(-8)). Let v(g) = -9 + 30 - 541*g**3 + g - 20. Is v(y) composite?
False
Let z = 485 - 336. Is z a prime number?
True
Suppose 0*r + 24 = 4*r. Suppose -5 = 2*a - 3*a + j, 2*j + r = -2*a. Is 35 - (-3 + a + -2) a prime number?
False
Suppose -18*d = -14*d - 62368. Suppose 2*o - d = -6*o. Is o composite?
False
Let g(d) = d**3 + 4*d**2 - 4*d + 12. Let q be g(-5). Let a = q + -3. Suppose -794 = -a*l + 866. Is l composite?
True
Let s be (1550/20)/((-1)/(-2)). Suppose z - s = 4*u, 4*u = -3*z + 395 + 22. Is z prime?
False
Let a be 6/8*(40/4 + -6). Suppose 961 + 2066 = a*t. Is t a prime number?
True
Suppose -4*u + 36 = -4*v - 0*v, 2*u = -2*v + 6. Suppose u*z - 8*z = -1742. Is z a composite number?
True
Let m(c) = 2*c**3 - 72*c**2 + 10*c + 91. Is m(38) a prime number?
True
Let o(t) = 4*t + 32. Let y be o(-6). Is -1465*(2 - 12/y)*-2 prime?
False
Let k(r) = -478*r - 172. Is k(-27) a composite number?
True
Suppose 77 - 17 = 4*v. Suppose -10 = -5*k + v. Suppose -k*p + 372 = -2*p - 5*g, -p = -2*g - 125. Is p composite?
True
Is ((-76)/6)/((-14)/3633) composite?
True
Suppose 0 = -3*y - 414 - 3267. Let g = 2286 + y. Is g a composite number?
True
Let q = 200 - -262. Let l = q - -391. Is l prime?
True
Suppose -o - 4*y - 2912 = -7801, y + 5 = 0. Is o a composite number?
False
Suppose -2*l + 15898 = -13*u + 9*u, -7*l - 5*u + 55643 = 0. Is l a composite number?
False
Suppose -t = 0, -5*b + 2*t - 7*t + 5 = 0. Is b + 182 - (1 + -5) prime?
False
Let s = 6719 - -42. Is s prime?
True
Suppose m + 4*s + 20723 = 3*s, 4*s = -5*m - 103614. Is m/(-39)*(-21)/(-2) composite?
True
Let h(g) = -95*g - 32. Let i be h(-6). Let s = 246 + -491. Let p = i + s. Is p prime?
True
Let p = 48 + -46. Suppose -p*f = -271 - 999. Is f a composite number?
True
Suppose 0 = -5*h - 0*h + 340. Let s = 195 - h. Is s composite?
False
Let f(x) = -8*x**3 + 4*x**2 - 5*x + 62. Is f(-7) prime?
True
Suppose -3*c + 0*c - 2*k = 0, -k = -2*c. Suppose -5*j - 5 = c, -l + 3*j = -j - 1055. Suppose -5*r - 266 + l = 0. Is r a composite number?
False
Let z be (0 - (4 + 6802)) + 3. Let j = -3960 - z. Is j prime?
True
Suppose -79242 = -12*l - 15966. Is l a prime number?
True
Let z = 1 - -1. Suppose d + 3293 = z*j, -3*j + 4957 = 2*d - 0*d. Suppose -2*q = 5*y - j, -4*y = -5*q - 741 - 565. Is y a prime number?
False
Let f = 23 + 112. Let p = -44 + f. Is p prime?
False
Let k(r) = -371*r - 36. Is k(-2) a composite number?
True
Let g(r) = -r**3 - 23*r**2 - 19*r + 5. Let y(v) = 11*v**2 + 10*v - 3. Let u(p) = -2*g(p) - 5*y(p). Is u(12) a prime number?
False
Suppose 0 = -3*n - 3*i + 7*i + 951, 2*i + 634 = 2*n. Is n a prime number?
True
Let i(z) = -z**3 - 2*z**2 + 40*z + 14. Is i(-9) prime?
False
Suppose 4*l - 3467 - 33821 = 0. Suppose -5*s + l = -8893. Is s prime?
True
Suppose w + 28 = 69. Suppose 0 = -3*u - 3, 0*u + 3*u - w = -2*h. Is h prime?
False
Suppose 12 = -0*u + u. Let k be (-188)/16 - 3/u. Is 0 + k/(-4) + 1 composite?
True
Suppose -s + 412 = -322. Is s a composite number?
True
Suppose -c = 3*z - 6*c - 436, 299 = 2*z - 5*c. Let n(h) = -h**2 - 12*h - 29. Let w be n(-8). Suppose w*j - 239 = -4*q + 162, 2*q = -j + z. Is j prime?
True
Is (3 - 1)/(46/376211) composite?
True
Let c(i) = -i**3 - 6*i**2 + 8*i + 7. Let b be c(-7). Suppose b = o - 5. Suppose o*z - 255 = 680. Is z a composite number?
True
Let q = 343 - 587. Let i = 537 + q. Is i prime?
True
Let d be -3 + 2 + 3 - -642. Suppose -4*w + 2 = 5*t + 8, -26 = -3*t + 5*w. Suppose 3*j - d = -j + t*l, 0 = 5*j + 2*l - 823. Is j composite?
False
Let h(g) = 3*g**3 + 11*g**2 - 27*g + 53. Is h(14) a composite number?
True
Suppose 459 + 715 = 2*n. Is n a composite number?
False
Suppose 3442 + 4721 = g - 2*r, -5*g = -r - 40806. Is g a prime number?
True
Suppose -2*j = 5*f + 179, 2*f = -f - 4*j - 113. Let z = 155 - 131. Let r = z - f. Is r composite?
False
Let t(h) be the first derivative of 84*h**2 - 2*h + 33. Let i be 1/2*0 + 1. Is t(i) composite?
True
Suppose 6*z - 17336 = 4*z - 5*q, 0 = -2*z - q + 17328. Is z composite?
False
Let w(z) = -3215*z - 8. Let o be w(-3). Suppose o = 4*j - 12007. Is j a prime number?
False
Let o(p) = 49 - 1202*p**3 - 2*p**2 - 95 + 45 - p - p. Is o(-1) prime?
True
Let i be (-34)/(-8) + 0 - (-3)/(-12). Suppose 8473 = i*h + 5*u, -h - 2*h = -5*u - 6346. Is h composite?
True
Let p be (-5)/(15/(-1284)) + 2. Suppose 5*k + p = 3*r, 4*r = -3*k - 0*k + 583. Is r a composite number?
True
Let o(a) be the second derivative of -a**3/6 - a**2 + 3*a. Let w be o(-6). Suppose -248 = -w*x - 12. Is x a composite number?
False
Let r(k) = 36*k + 41. Let w be r(13). Suppose -4*m = -l + 2*l - w, 510 = 4*m + 2*l. Is m composite?
False
Suppose -5 = -5*n - 15. Let s be (4/(-18))/(n/18). Suppose -s*f - 412 = -1198. Is f a prime number?
False
Let x = -1863 - -20500. Is x a composite number?
False
Let u(s) = 1535*s - 22. Is u(7) a prime number?
True
Let i = 305988 + -150589. Is i composite?
False
Let w = -949 + 3564. Is w prime?
False
Let t be (-2976)/(-10) + (-7 - 259/(-35)). Let z = t + 145. Is z composite?
False
Let r(d) = -d**2 + 12*d - 12. Let t be r(11). Is (t - -255)*6/12 a composite number?
False
Let u(x) = -66*x**3 + 65*x**3 + 3 - 3*x**2 - 2*x**2 + 22*x + 18. Is u(-14) composite?
True
Let b(x) = 10906*x - 3. Is b(1) composite?
False
Suppose -61*x + 58*x + 12 = 0. Suppose 3*w - x*g - 9135 = -2*w, w = g + 1828. Is w prime?
True
Suppose -25*d = -391517 - 167308. Is d a prime number?
False
Let u(n) = n**3 - n**2 + n - 1. Let y be u(5). Let k = y + 149. Is k prime?
False
Suppose 6*c = 8*c + 10. Is 1/c - (-21396)/30 prime?
False
Suppose 5*r + o - 314 = 5*o, -12 = -3*o. Is (-8734)/8*(-11)/(r/24) a prime number?
False
Let y = 8 - 3. Suppose 5*k - 10 = 0, k = y*o - 0*k + 17. Is (3160/12)/((-2)/o) composite?
True
Suppose -2793 = -2*v - 9*w + 10*w, v - 1419 = -4*w. Is v a prime number?
True
Is (11283*(-4)/(-24))/((-2)/(-4)) a prime number?
True
Suppose f - 3*w - 1532 = 0, -w - 8306 = -4*f - 2233. Is f a composite num